e
Is 10957814 a multiple of 210?
False
Is 40885 a multiple of 221?
True
Does 147 divide 204036?
True
Is 104 a factor of 19240?
True
Is 1524163 a multiple of 509?
False
Does 26 divide 10890386?
True
Is 33629999 a multiple of 559?
True
Does 265 divide 1677378?
False
Is 400389 a multiple of 33?
True
Is 687 a factor of 1668723?
True
Is 12589460 a multiple of 63?
False
Is 17439506 a multiple of 257?
True
Does 10 divide 4924571?
False
Is 939931 a multiple of 14?
False
Does 49 divide 86828?
True
Is 29 a factor of 1921943?
False
Is 17 a factor of 598995?
True
Is 52 a factor of 116609?
False
Does 117 divide 1618902?
False
Does 103 divide 313429?
True
Is 92 a factor of 6829125?
False
Does 7 divide 2332?
False
Does 44 divide 92712?
False
Is 12 a factor of 5028439?
False
Does 790 divide 2790846?
False
Is 42 a factor of 310674?
True
Is 15800 a multiple of 44?
False
Does 13 divide 1940796?
True
Is 7 a factor of 1196965?
True
Is 20 a factor of 174740?
True
Does 41 divide 24466035?
False
Is 8 a factor of 30669?
False
Does 58 divide 577738?
True
Is 24 a factor of 3408?
True
Is 803358 a multiple of 1458?
True
Does 82 divide 3046909?
False
Is 1522684 a multiple of 4?
True
Is 107 a factor of 99189?
True
Does 29 divide 50654?
False
Does 318 divide 30246570?
True
Does 2 divide 2834?
True
Is 50 a factor of 229736?
False
Is 262640 a multiple of 172?
False
Is 101 a factor of 8976818?
False
Is 58 a factor of 14732?
True
Is 34 a factor of 68741?
False
Does 171 divide 164673?
True
Is 1612040 a multiple of 10?
True
Is 47 a factor of 200052?
False
Does 161 divide 48783?
True
Does 6 divide 13869?
False
Is 58841 a multiple of 251?
False
Is 8954234 a multiple of 456?
False
Does 520 divide 630240?
True
Is 198800 a multiple of 56?
True
Does 208 divide 8404420?
False
Is 40173 a multiple of 5?
False
Does 43 divide 13588774?
True
Does 293 divide 140368?
False
Is 55 a factor of 4533669?
False
Does 322 divide 82050?
False
Is 1928088 a multiple of 60?
False
Is 142 a factor of 2195604?
True
Does 96 divide 507840?
True
Does 35 divide 136500?
True
Is 1743 a factor of 15535359?
True
Does 16 divide 182448?
True
Is 5 a factor of 33330?
True
Is 55205 a multiple of 5?
True
Does 40 divide 21731?
False
Is 618 a factor of 228042?
True
Does 52 divide 4351?
False
Is 187911 a multiple of 35?
False
Is 13 a factor of 6303433?
False
Does 364 divide 8322496?
True
Is 116 a factor of 1042608?
True
Is 32 a factor of 463558?
False
Is 269281 a multiple of 3?
False
Is 5658264 a multiple of 712?
True
Does 73 divide 430992?
True
Is 15056450 a multiple of 235?
True
Is 1358 a factor of 5599034?
True
Does 436 divide 103491?
False
Is 4 a factor of 316636?
True
Is 4312702 a multiple of 9?
False
Is 2880288 a multiple of 73?
True
Is 10 a factor of 50564?
False
Is 519 a factor of 3629886?
True
Is 4634217 a multiple of 7?
True
Is 23 a factor of 1437685?
False
Does 60 divide 1765800?
True
Does 41 divide 194450?
False
Is 16 a factor of 142232?
False
Does 19 divide 581704?
True
Does 3 divide 31924?
False
Is 5606814 a multiple of 516?
False
Is 161472 a multiple of 116?
True
Is 168 a factor of 4087440?
True
Is 24 a factor of 13256007?
False
Is 149418 a multiple of 54?
True
Does 350 divide 8922288?
False
Is 3630240 a multiple of 144?
True
Does 24 divide 38576?
False
Does 178 divide 568482?
False
Is 805770 a multiple of 21?
True
Does 136 divide 7753496?
True
Does 1047 divide 2722326?
False
Is 65 a factor of 515580?
True
Does 223 divide 1685657?
True
Is 315330 a multiple of 10?
True
Is 15330 a multiple of 5?
True
Is 4 a factor of 58366?
False
Does 39 divide 226941?
True
Is 119 a factor of 69753?
False
Is 49 a factor of 346920?
True
Is 127 a factor of 14986635?
True
Does 381 divide 883920?
True
Is 1440 a factor of 5457600?
True
Does 21 divide 28337?
False
Is 2872062 a multiple of 379?
True
Is 4119360 a multiple of 168?
True
Is 26 a factor of 2883062?
True
Is 15277 even?
False
Is 424 a factor of 402376?
True
Is 40 a factor of 392240?
True
Is 15 a factor of 482925?
True
Is 2024514 a multiple of 18?
True
Does 346 divide 17856?
False
Is 55 a factor of 16483665?
True
Is 3128349 a multiple of 396?
False
Is 68 a factor of 8894?
False
Is 340200 a multiple of 56?
True
Does 19 divide 1028945?
True
Is 30 a factor of 1331941?
False
Is 458 a factor of 477652?
False
Is 464910 a multiple of 15?
True
Is 783088 a multiple of 136?
True
Is 190 a factor of 136040?
True
Does 16 divide 59780?
False
Does 130 divide 4166110?
True
Is 3990744 a multiple of 43?
True
Is 88 a factor of 7404248?
False
Is 6 a factor of 12386?
False
Is 207183 a multiple of 24?
False
Is 225720 a multiple of 190?
True
Does 40 divide 1048456?
False
Does 77 divide 70917?
True
Does 37 divide 296666?
True
Is 178 a factor of 154326?
True
Is 382 a factor of 360090?
False
Is 176175 a multiple of 6?
False
Is 41 a factor of 197600?
False
Is 2418757 a multiple of 1349?
True
Is 476740 a multiple of 220?
True
Is 3595478 a multiple of 29?
True
Is 356 a factor of 1517764?
False
Does 16 divide 1171659?
False
Is 12 a factor of 18978?
False
Is 3184704 a multiple of 19?
True
Is 3332 a multiple of 17?
True
Does 6 divide 3083347?
False
Does 17 divide 3263363?
False
Does 1264 divide 5446691?
False
Does 56 divide 274042?
False
Is 474340 a multiple of 37?
True
Does 96 divide 3625343?
False
Is 9 a factor of 1305797?
False
Does 477 divide 818414?
False
Does 116 divide 1533549?
False
Is 176907 a multiple of 286?
False
Does 2338 divide 2623236?
True
Does 179 divide 405841?
False
Is 1258859 a multiple of 161?
True
Is 200518 a multiple of 30?
False
Does 13 divide 83577?
True
Is 635 a factor of 334583?
False
Does 3 divide 13105?
False
Does 85 divide 7180266?
False
Does 3 divide 34718?
False
Is 3877596 a multiple of 684?
True
Is 1385359 a multiple of 899?
True
Does 10 divide 221670?
True
Does 13 divide 566846?
False
Is 2691449 a multiple of 197?
False
Is 31 a factor of 441434?
False
Is 83 a factor of 17077416?
True
Is 13051072 a multiple of 14?
False
Is 10118004 a multiple of 474?
True
Is 55 a factor of 3061740?
True
Does 84 divide 302308?
False
Does 14 divide 12656?
True
Does 73 divide 75555?
True
Does 449 divide 137510?
False
Does 8 divide 2926694?
False
Is 16 a factor of 152742?
False
Is 71522 a multiple of 11?
True
Does 40 divide 492817?
False
Is 464575 a multiple of 11?
False
Is 1416525 a multiple of 670?
False
Does 981 divide 16584814?
False
Does 310 divide 608530?
True
Is 535000 a multiple of 500?
True
Does 28 divide 185795?
False
Is 3804339 a multiple of 12?
False
Does 128 divide 12672?
True
Is 188361 a multiple of 2?
False
Is 177 a factor of 42518?
False
Does 161 divide 1207500?
True
Does 223 divide 7846701?
True
Does 355 divide 3926929?
False
Is 443083 a multiple of 120?
False
Is 1218470 a multiple of 13?
False
Is 351 a factor of 1327131?
True
Does 48 divide 318446?
False
Is 205627 a multiple of 229?
False
Does 29 divide 175988?
False
Does 96 divide 262548?
False
Is 147 a factor of 11558757?
True
Is 392 a factor of 967392?
False
Is 268088 a multiple of 27?
False
Is 12094 a multiple of 132?
False
Does 6 divide 2601?
False
Is 19 a factor of 27494?
False
Is 396577 a multiple of 15?
False
Is 97290 a multiple of 45?
True
Is 6744377 a multiple of 41?
True
Does 971 divide 661344?
False
Is 46 a factor of 62775?
False
Does 81 divide 125874?
True
Is 6 a factor of 306661?
False
Does 723 divide 1464976?
False
Is 83 a factor of 437751?
False
Is 2171051 a multiple of 439?
False
Is 1447496 a multiple of 9?
False
Is 107 a factor of 716424?
False
Is 12575910 a multiple of 21?
False
Is 216 a factor of 549948?
False
Is 19117 a multiple of 16?
False
Does 6 divide 1707824?
False
Is 8370351 a multiple of 1961?
False
Is 2458404 a multiple of 27?
True
Is 17001200 a multiple of 95?
True
Is 367962 a multiple of 17?
False
Is 42784 a multiple of 14?
True
Is 118790 a multiple of 14?
True
Is 4 a factor of 27242?
False
Is 7 a factor of 514465?
True
Is 36 a factor of 386275?
False
Does 1830 divide 13745130?
True
Is 3341209 a multiple of 6?
False
Does 2 divide 108?
True
Is 126891 a multiple of 47?
False
Is 23 a factor of 992749?
True
Does 9 divide 214717?
False
Does 84 divide 205296?
True
Does 108 divide 12525948?
True
Is 20 a factor of 349326?
False
Is 2 a factor of 48270?
True
Is 650 a factor of 7218654?
False
Does 72 divi